t d be a(-5). Suppose x = d - 1. Suppose -8*y + 185 = -95. Calculate the remainder when y is divided by x.
11
Calculate the remainder when (4/(-16))/(3/(-60)) is divided by 3.
2
Let c = 48 - 13. Let f = 9 + 3. Calculate the remainder when c is divided by f.
11
Let u(a) = 2*a - 3. Let n(q) = q**2 - 3*q + 1. Suppose 13*r - 10 = 11*r. Calculate the remainder when n(r) is divided by u(5).
4
Let w = 6 + -2. Suppose -30 = -5*q + 2*y, -11 - 1 = 2*q + w*y. Calculate the remainder when 13 is divided by q.
1
Let c be 126 + (-2 - 0/2). Suppose 4*z - z + 15 = 0, 2*z + c = 3*d. Calculate the remainder when d is divided by 13.
12
Let i = -24 + 28. Suppose 3*y - 4*y = -2. Suppose v - 19 = -y*x, -6 = 2*x - 4*v - 0. Calculate the remainder when x is divided by i.
3
Calculate the remainder when (-2)/(4 - 2)*-41 is divided by 7.
6
Suppose 5*q - 223 = 22. Suppose -11 = -2*t + 15. What is the remainder when q is divided by t?
10
Suppose 5*f = 2*k + 1, -5*f + 2 + 13 = 0. Let v = 22 + -3. Calculate the remainder when v is divided by k.
5
What is the remainder when 30 + 1 + 0/(-1) is divided by 8?
7
Let h = 33 + -9. What is the remainder when h is divided by 9?
6
Let x be (35/(-21))/(2/(-6)). Suppose 0 = -g - g + 4. Suppose -g*q + x*n = 2*q - 38, 2*q - 16 = 4*n. What is the remainder when 23 is divided by q?
11
Let z(b) = 9*b + 6 + b**3 + 0*b**3 - 47*b**2 + 37*b**2. Calculate the remainder when 17 is divided by z(9).
5
Let o(d) = -7*d + 2*d**2 + 2 + 0*d**2 + d**2 - d**2. Suppose 2*c = 16 - 6. What is the remainder when o(c) is divided by 9?
8
Let l = 0 + 12. Calculate the remainder when 57 is divided by l.
9
What is the remainder when 32 is divided by 17 + (-2 + 6 - 4)?
15
Let c(q) = q**2 - 4*q + 3. Let z be c(2). Suppose -y = u - 21, 2*u + 20 + 26 = 2*y. Let m = y - z. Calculate the remainder when 68 is divided by m.
22
Let m(c) be the second derivative of c**4/2 + c**3/2 + 2*c**2 + 4*c. What is the remainder when m(3) is divided by 17?
16
Let w be -1 - 0 - (-3 + 365). Suppose b + 18 = -b. What is the remainder when w/(-9) - (-3)/b is divided by 14?
12
Let r = 58 - 33. Let m(d) = 13*d**2 - 2*d + 2. What is the remainder when r is divided by m(1)?
12
Let z(d) = d**3 - 2*d**2 - 4*d + 1. Let i be z(4). Suppose -1 - i = 2*a. Let y = a + 23. What is the remainder when y is divided by 5?
4
Let k(o) = -o**3 + 14*o**2 + 4*o + 6. What is the remainder when k(14) is divided by 22?
18
What is the remainder when 4 is divided by (2 - 1)/((15/(-6))/(-5))?
0
Let w(v) = 47*v**3 - v. Let a be w(1). Let t = 107 - a. What is the remainder when t is divided by 21?
19
Let b(z) = -z**2 + 5*z. Let q be b(5). Let d = -1 + q. Calculate the remainder when 15 is divided by 0 - -9 - d/(-1).
7
Suppose 7*x - 95 = 2*x. What is the remainder when x is divided by 10?
9
Let y = -2 + -5. Calculate the remainder when (2 + -13)*28/y is divided by 15.
14
Suppose 5*k - 2*c = -13, 5*k = 3*c + 2*c - 10. Suppose -i - 3 + 14 = 0. What is the remainder when 2/(k/90*-2) is divided by i?
8
Suppose 1 = -h + 5*y - 2, 4*h = 2*y + 78. Let g = h - 1. Calculate the remainder when g is divided by 6.
3
Calculate the remainder when 453*2/6 - -1 is divided by 14.
12
Let n = 35 + -20. What is the remainder when 28 is divided by n?
13
Let a(h) = h**2 - h + 1. Let g(f) = 4*f**2 + f - 5. Let n(c) = 2*a(c) + g(c). Calculate the remainder when n(-3) is divided by 28.
26
Let y be (-6)/(-27) + 4/(-18). Suppose -2*t + t - 9 = y. Let v(a) = -2*a + 1. Calculate the remainder when 55 is divided by v(t).
17
Suppose 20 = 3*x + 5*z - 27, -2*z + 53 = 3*x. What is the remainder when x is divided by (14 - (-1 - -2)) + -3?
9
Let u(i) = -i**2 + i - 2. Let p be u(5). Calculate the remainder when (p/(-2))/(1/6) is divided by 17.
15
Suppose 2*y + 295 = 7*y. Suppose 4*d = 5*c - 100, 0 = -2*d - 0*d. Calculate the remainder when y is divided by c.
19
Let w(t) = 2*t**3 + t**2 + 2. Let a be w(-2). Let q = a + -2. Calculate the remainder when 39 is divided by 2*-1*(2 + q).
19
Suppose -43 = -a - 5*w, 3*w = -4*a + 2*w + 96. Calculate the remainder when a is divided by 9.
5
Let p = -2 - -7. Suppose 257 - 632 = p*t. Let z = -35 - t. Calculate the remainder when z is divided by 14.
12
Let l(q) = 6*q - 3. What is the remainder when l(5) is divided by 14?
13
Let w = 80 + -10. Calculate the remainder when w is divided by 24.
22
Let b(q) = 28*q**3 - q. Let n(r) = 9*r + 7. Calculate the remainder when n(11) is divided by b(1).
25
Let k(t) = -3*t**3 - t**2 + 4*t + 6. Calculate the remainder when 47 is divided by k(-2).
11
Suppose -2*r = -n - 18, -5*r + 9 = -4*r + 5*n. Let t = r + 2. Let s = 40 + 2. Calculate the remainder when s is divided by t.
9
Let k(v) = v**2 + 15*v - 12. Let l be k(-16). Suppose 0 = 4*r + l - 152. Calculate the remainder when r is divided by 10.
7
Suppose -1 = -5*c + 54. Suppose -h - 18 = k, 60 = -5*h + 2*k + 3*k. Let n = h + 35. Calculate the remainder when n is divided by c.
9
Suppose 0 = d + 3, -6*d = -4*i - 3*d + 69. Let b be 2 - 3 - (-42)/(-3). Let f = b - -58. Calculate the remainder when f is divided by i.
13
Suppose x - 6*x = -115. Let g = 5 - 1. Suppose g*t - 9 - x = 0. Calculate the remainder when 22 is divided by t.
6
Suppose 5*f - 7 = -3*w, f + 5*w - 25 = 6*f. What is the remainder when (13/(-2))/((-1)/2) is divided by (f/2)/((-5)/70)?
6
Suppose 0 = -q - 3*u + 14, 3*u - 2*u - 56 = -5*q. Let j be 7 + -1 + 10/(-5). Suppose 0 = j*y + y - 155. Calculate the remainder when y is divided by q.
9
Suppose -j + 75 = p, 0*j = 2*p + 3*j - 154. What is the remainder when p is divided by 24?
23
Suppose 3*l = -c + 9 + 20, 4*c = -3*l + 134. Let u(j) = -j**2 - 13*j - 17. Let x be u(-12). Let n = x + 14. What is the remainder when c is divided by n?
8
Suppose 24 = 5*a - 2*i - 27, 3*a - 18 = -3*i. Calculate the remainder when 16 is divided by a.
7
Let p(q) = q - 2. Let h be p(6). Let r = -15 - -18. Suppose -h*u + 37 = -r. Calculate the remainder when u is divided by 4.
2
Let t(w) = 2*w**2 - 14*w - 15. Let d be t(12). Suppose -2*r + d = 3*r. What is the remainder when 40 is divided by r?
19
Let k = 60 + -55. What is the remainder when 8 is divided by k?
3
Let t be -1 + (-2 + 0 - -2). Let r be 0/5 - (t + 1). Suppose r*j + 148 = 4*j. What is the remainder when j is divided by 13?
11
Let l(d) = d + 54. What is the remainder when l(-20) is divided by 3*(-4)/6 + 20?
16
Suppose 0 = -3*r - 4*n + 135, -5*r = 4*n - 59 - 174. What is the remainder when r is divided by 15?
4
Let r be (-246)/(-9) + (-3)/9. Suppose -2 = 5*w - r. Suppose -w*s - 82 = -242. Calculate the remainder when s is divided by 11.
10
Calculate the remainder when 23 is divided by 3/9 + (-114)/(-9).
10
Let j(h) = 2*h**3 - 17*h**2 + 11*h + 7. Calculate the remainder when j(8) is divided by 11.
9
Let z(b) be the second derivative of b**5/20 + b**4/2 - 5*b**3/6 + b**2 + 2*b. Calculate the remainder when z(-6) is divided by 17.
15
Suppose 2*v = 5*f - 6, 8*v - 4*v = -3*f + 40. Calculate the remainder when 11 is divided by v.
4
Let o be (-106)/(-8) + (-3)/12. Let c(a) = -a**2 + 12*a + 16. Calculate the remainder when 9 is divided by c(o).
0
Let x = 10 + -6. Suppose 0 = -x*z - v + 3, -4*z - 21 = -5*v - 6. Suppose z*f = 4*f - 92. Calculate the remainder when f is divided by 8.
7
Suppose 0 = 4*c - 29 + 117. Suppose 3*a = -4*v + 135, 2*a + v - 4*v = 73. Let n = a + c. Calculate the remainder when 56 is divided by n.
18
Let r = -45 - -59. Calculate the remainder when 49 is divided by r.
7
Let y = -18 + 21. Calculate the remainder when 48 is divided by -25*y/(-1 + -2).
23
Suppose -3*q + z = -7, -5*q + 3*q = z - 13. Suppose -n + 5 = h, -q*n = -0*n - 16. What is the remainder when 3 is divided by h?
0
Suppose -37 = -4*a - 1. Let v(z) = z**2 - 8*z - 8. Let t be v(6). Let q = t - -23. What is the remainder when a is divided by q?
0
What is the remainder when 47 is divided by (24/10)/((-24)/(-80))?
7
Suppose -106 = -3*j - 2*m, -1 - 4 = 5*m. Suppose -3*y - y = -j. What is the remainder when 34 is divided by y?
7
Suppose -5*h + 3*j + 3 = -2*h, 12 = 5*h + 2*j. Let x(q) = 12*q - 2. What is the remainder when x(h) is divided by -1*(-3)/((-6)/(-16))?
6
Let g(u) = u**3 - 14*u**2 + 6. What is the remainder when 28 is divided by g(14)?
4
Calculate the remainder when 64/4 - (-1 - -2) is divided by 5.
0
Suppose 